Let u = 209 - s. Calculate the remainder when u is divided by 24.
22
Suppose 0*a + 32 = -2*a. Let x = a + 30. Let l = 93 - 40. What is the remainder when l is divided by x?
11
What is the remainder when 123 is divided by ((-2)/(-2))/(1 - 30/31)?
30
Suppose 28 = -4*w + 6*w. Suppose 0 = d - 11 - w. Suppose -d = -2*m + k + 80, -2*m + 95 = k. What is the remainder when m is divided by 13?
11
Let f(v) = 6*v**2 - 7*v + 22. What is the remainder when f(5) is divided by 16?
9
What is the remainder when 145 is divided by (-19)/((-760)/150)*64/6?
25
Let w(f) = 6*f**2 + f + 2. Let b(t) = t + 1. Let c be b(3). What is the remainder when (6 + -503)/(-7) + c/(-2) is divided by w(-2)?
21
Let a = -56 + 87. Let o(f) = 2*f + 18. Let r be o(-8). Suppose 5*x + b = -r*b + 55, -b = 0. What is the remainder when a is divided by x?
9
Suppose -3*a = -2*l + 32, 10*l - 9*l + 2*a = 9. Let r = 38 + -17. Calculate the remainder when r is divided by l.
8
Calculate the remainder when 0 - -2 - (8 + -95) is divided by 47.
42
Suppose -y = -3*y + 18. Suppose y*a + 64 = 7*a. Let g = 45 + a. Calculate the remainder when 63 is divided by g.
11
Calculate the remainder when 77 is divided by 10/3*(-5 + 8 + 0).
7
Let w = 1238 - 1217. What is the remainder when 206 is divided by w?
17
Let r(n) = -n**2 + 36*n - 23. What is the remainder when 298 is divided by r(35)?
10
Let s = 28 - -10. Let u = 43 - s. What is the remainder when 6 is divided by u?
1
Let y = -657 - -677. Calculate the remainder when 145 is divided by y.
5
Suppose -4*f + 13 + 59 = 0. Suppose 7*r = 12*r - 345. Calculate the remainder when r is divided by f.
15
Suppose 0*t - t - 1 = -h, -h + 5 = -3*t. What is the remainder when (190/t - -1)/(-2) is divided by 12?
11
Calculate the remainder when 122 + -8 + (11 - 3) is divided by 7.
3
Let l(k) = k - 22. Let p be l(0). Let m = p - 10. Let v = -18 - m. Calculate the remainder when 24 is divided by v.
10
Let m = -19 - -17. Let w = 25 - m. What is the remainder when w is divided by 8?
3
Suppose -3*y + 4*h - 2*h + 15 = 0, -3*y - 3 = 4*h. Calculate the remainder when 4/(-6) - 16*(-14)/y is divided by 13.
9
Let y = -14958 - -15103. Let n = 161 + -111. Calculate the remainder when y is divided by n.
45
Suppose -388 + 66 = -23*x. Calculate the remainder when 246 is divided by x.
8
What is the remainder when 375 is divided by 19/(38/39)*2/3?
11
Suppose 0 = n - 125 + 13. Suppose -141 = -5*u + 4*d, 4 - 1 = 3*d. Calculate the remainder when n is divided by u.
25
Let f(v) = v**3 + 3*v**2 - 4*v + 6. Let n be f(-5). Let x = -14 - n. Calculate the remainder when 35 is divided by x.
5
Suppose 2*q - 10 + 0 = 0. Suppose 0 = -5*m + 2*c + 47, q*m - 46 = c - 0*c. Calculate the remainder when (33/(-12) - 1)/(4/(-16)) is divided by m.
6
Suppose 0 = -y + 35 + 5. Suppose 95 = s + 4*s. What is the remainder when s is divided by (y/(-24))/((-2)/6)?
4
Let s(r) = -r**2 + 19*r + 1. Let k be s(15). Let y = k + 11. Let n = -51 - -76. What is the remainder when y is divided by n?
22
Let t(y) = y**3 - y**2 - y - 156. Let a be t(0). Let j = a + 231. What is the remainder when j is divided by 13?
10
Let a(z) = 2*z**2 + 10*z + 7. What is the remainder when (-2 - (-7)/2)/((-228)/(-5472)) is divided by a(-6)?
17
Let k be -5 + 9 - (-2 - -71). Let o = k + 77. Suppose 0 = -3*y + 3, 3*i - 8*i + 5*y + 35 = 0. Calculate the remainder when o is divided by i.
4
Suppose -3*b - 515 = -599. Calculate the remainder when 193 is divided by b.
25
Let o(a) = 2*a**2 - 4*a - 6. Let k be o(-2). What is the remainder when (((-36)/k)/3)/((-20)/750) is divided by 12?
9
Let i(c) = 4*c**3 - 15*c**2 + 40*c - 7. Calculate the remainder when i(6) is divided by 43.
41
What is the remainder when (326/4)/((-9)/(-18)) is divided by 42?
37
Suppose 66*i - 858 = 55*i. What is the remainder when 232 is divided by i?
76
Let a = 32 + -28. Suppose a*y = 7*y - 21. Calculate the remainder when y is divided by 4.
3
Let c be (-826)/(-49) + 2/14. Let v = c - 13. Suppose -v*g + 26 = -6. Calculate the remainder when 39 is divided by g.
7
Suppose 0 = 3*i - 191 - 10. What is the remainder when i is divided by 136/6*12/16?
16
Let t be (16/(-6))/(8/(-12)). Let n be 2 - (-8)/(2 - 0). Calculate the remainder when (n/(-4))/(t/(-240)) is divided by 23.
21
Suppose 7 + 3 = 2*l. Calculate the remainder when 47/2 - 3/(-6) is divided by l.
4
Let x(w) = 2*w - 11. Let c be x(7). Suppose -2*u + c*u + 2*b = 19, 4*u - 100 = 4*b. What is the remainder when u is divided by 6?
5
Suppose 4*r - 126 - 298 = 0. Let o be -1*1/(2 - 5/2). What is the remainder when r is divided by (58 - 40)/(0 - o/(-3))?
25
Suppose y - 98 - 35 = 0. What is the remainder when y is divided by 27?
25
Let y = -154 + 261. Calculate the remainder when y is divided by 54.
53
Suppose 15*o - 405 - 30 = 0. Calculate the remainder when 51 is divided by o.
22
Let q = -1 + 7. Suppose n - q*n - 4*a - 2 = 0, n = -a. Calculate the remainder when 24 - (-2 + (1 - n)) is divided by 13.
10
Suppose -7*f - 14 = -4*d - 5*f, 2*d + 5*f + 23 = 0. What is the remainder when (1*44)/(d/(5/10)) is divided by 13?
9
Let c = -82 + 726. Calculate the remainder when c is divided by 19.
17
Suppose 4*g - 4289 = 3*b, 0*g - 3208 = -3*g + 4*b. Calculate the remainder when g is divided by 83.
80
Let h(b) = b - 2*b**2 + 2*b - 4 + b + 4*b**2. Let u be h(4). Calculate the remainder when 30 is divided by 1/(-1*(-4)/u).
8
Let n(d) = 9*d - 55. Let a(l) = 4*l - 27. Let y(j) = -13*a(j) + 6*n(j). Calculate the remainder when 32 is divided by y(-5).
10
Let l(h) = 4*h**2 - 36*h + 111. Calculate the remainder when l(12) is divided by 64.
63
Let j be 2 - (-7)/((-28)/12). Let n(q) = 4*q**2 + 1. Let a be n(j). Suppose 5*w + 3 - 8 = -b, a*b = 3*w + 25. Calculate the remainder when 18 is divided by b.
3
Let t(n) = 58*n**2 - 8*n + 3. Let k be t(2). Suppose -k - 210 = -11*a. Calculate the remainder when a is divided by 9.
3
Suppose 4*z + 148 = -4*t, 3*t + 123 = -z + 14. Let l = t - -59. Calculate the remainder when 57 is divided by l.
11
Let s(h) = -9 - 8 + 13*h + 8 + 0. Let f(k) = -4*k**3 - 2*k**2 - k. Let l be f(-1). What is the remainder when s(l) is divided by 12?
6
Let k(n) = -n**2 + 17. Suppose 0 = 13*u - 5*u - 504. Let l = 72 - u. What is the remainder when k(0) is divided by l?
8
Suppose -2*r + 268 = 5*g - 395, 4*g = 5*r + 504. What is the remainder when g is divided by 67?
64
Let l(k) = k**3 + 15*k**2 + k + 20. Let n be l(-15). Suppose -4*c + 68 = 4*g, 2*g + n = c - 0*g. Calculate the remainder when 35 is divided by c.
9
Suppose h - 8 + 10 = 0. What is the remainder when 163 is divided by -2 + 796/18 - h/(-9)?
37
Let r = -360 - -616. What is the remainder when r is divided by 37?
34
Let r(n) = -14*n - 6. Let v be r(-3). Suppose 9 = 3*g, d + 3*g - v = -0*g. What is the remainder when 80 is divided by d?
26
Suppose 892 = 31*p - 2239. What is the remainder when 293 is divided by p?
91
Suppose 4*g - 24 = -4*h, 2 = -5*h - 18. What is the remainder when 17 is divided by g?
7
Suppose 5*p - 22 = 53. Suppose 3 = w - 0*w. Suppose 4*h = -3*g + 132, 5*g - w*h + 5*h = 220. Calculate the remainder when g is divided by p.
14
Let g(j) = 3*j + 21. What is the remainder when 169 is divided by g(8)?
34
Let o(j) = j + 24. Let s be o(-14). Calculate the remainder when 53 is divided by ((-16)/(-10) - 1)*s.
5
Let i(a) = -a + 18. Let h be i(7). Let z = h - 12. Calculate the remainder when z*((-306)/3)/2 is divided by 13.
12
Let z(m) = -m**3 - 3*m**2 - 6*m + 8. Suppose -50 + 8 = 7*p. What is the remainder when z(p) is divided by 31?
28
Suppose 2 = 5*y - 8. Let c(g) = -19 - 2*g + 41 + 6*g**2 - 3*g**y - 20 - 2*g**3. Calculate the remainder when c(-3) is divided by 23.
20
What is the remainder when 3/15 - 1*(-409)/5 is divided by 22?
16
Let t = 25 + -31. Let a = 3 + t. Calculate the remainder when 33 is divided by (-1)/(a + (-78)/(-27)).
6
Let i be 20/(-40)*(-4 + 0). Suppose 4*s = -i*g + 350, -43 = 4*s - 5*g - 414. Calculate the remainder when s is divided by 15.
14
Let z(d) = 11*d**3 + 3*d**2 - 3*d + 1. Let j(m) = -37*m + 3. Let l be j(-2). Let f = l - 44. Calculate the remainder when f is divided by z(1).
9
Let h = 161 + -151. Suppose -h = -2*x + 4*g + 14, 5*x + 3*g = -5. Calculate the remainder when (-1)/2*(1 - 5) is divided by x.
0
Suppose -62*h + 63*h = 0, -5*m + 3*h + 575